{"id":156,"date":"2016-11-07T21:56:58","date_gmt":"2016-11-08T03:56:58","guid":{"rendered":"http:\/\/www.xorkun.com\/abogados\/?page_id=156"},"modified":"2023-09-06T15:39:02","modified_gmt":"2023-09-06T15:39:02","slug":"inicio","status":"publish","type":"page","link":"https:\/\/rgyasociados.com.mx\/","title":{"rendered":"Inicio"},"content":{"rendered":"\t\t<div data-elementor-type=\"wp-page\" data-elementor-id=\"156\" class=\"elementor elementor-156\">\n\t\t\t\t\t\t<section class=\"elementor-section elementor-top-section elementor-element elementor-element-1e1f72f0 elementor-section-boxed elementor-section-height-default elementor-section-height-default\" data-id=\"1e1f72f0\" data-element_type=\"section\">\n\t\t\t\t\t\t<div class=\"elementor-container elementor-column-gap-default\">\n\t\t\t\t\t<div class=\"elementor-column elementor-col-100 elementor-top-column elementor-element elementor-element-24ef54f0\" data-id=\"24ef54f0\" data-element_type=\"column\">\n\t\t\t<div class=\"elementor-widget-wrap elementor-element-populated\">\n\t\t\t\t\t\t<div class=\"elementor-element elementor-element-5aa41cbd elementor-widget elementor-widget-text-editor\" data-id=\"5aa41cbd\" data-element_type=\"widget\" data-widget_type=\"text-editor.default\">\n\t\t\t\t<div class=\"elementor-widget-container\">\n\t\t\t\t\t\t\t<p><!-- wp:paragraph {\"align\":\"center\"} --><\/p>\n<p class=\"has-text-align-center\"><strong>Nuestros Servicios<\/strong><\/p>\n<p><!-- \/wp:paragraph --><\/p>\n<p><!-- wp:image --><\/p>\n<figure class=\"wp-block-image\"><img decoding=\"async\" src=\"https:\/\/rgyasociados.com.mx\/wp-content\/uploads\/2016\/11\/2-1024x438.jpg\" alt=\"2\" \/><\/figure>\n<p><!-- \/wp:image --><\/p>\n<p><!-- wp:paragraph {\"align\":\"center\"} --><\/p>\n<p class=\"has-text-align-center\"><strong>Interposici\u00f3n y seguimiento de medios de defensa en el \u00e1mbito fiscal y administrativo a nivel local y federal<\/strong><\/p>\n<p><!-- \/wp:image --><\/p>\n<p><!-- wp:paragraph --><\/p>\n<p><!-- \/wp:paragraph --><\/p>\t\t\t\t\t\t<\/div>\n\t\t\t\t<\/div>\n\t\t\t\t\t<\/div>\n\t\t<\/div>\n\t\t\t\t\t<\/div>\n\t\t<\/section>\n\t\t\t\t<section class=\"elementor-section elementor-top-section elementor-element elementor-element-7b837cf elementor-section-boxed elementor-section-height-default elementor-section-height-default\" data-id=\"7b837cf\" data-element_type=\"section\">\n\t\t\t\t\t\t<div class=\"elementor-container elementor-column-gap-default\">\n\t\t\t\t\t<div class=\"elementor-column elementor-col-33 elementor-top-column elementor-element elementor-element-17b5a41\" data-id=\"17b5a41\" data-element_type=\"column\">\n\t\t\t<div class=\"elementor-widget-wrap elementor-element-populated\">\n\t\t\t\t\t\t<div class=\"elementor-element elementor-element-11b546c elementor-widget elementor-widget-image\" data-id=\"11b546c\" data-element_type=\"widget\" data-widget_type=\"image.default\">\n\t\t\t\t<div class=\"elementor-widget-container\">\n\t\t\t\t\t\t\t\t\t\t\t\t\t<img fetchpriority=\"high\" decoding=\"async\" width=\"320\" height=\"569\" src=\"https:\/\/rgyasociados.com.mx\/wp-content\/uploads\/2016\/11\/33346855_1.jpg.jpg\" class=\"attachment-large size-large wp-image-337\" alt=\"\" srcset=\"https:\/\/rgyasociados.com.mx\/wp-content\/uploads\/2016\/11\/33346855_1.jpg.jpg 320w, https:\/\/rgyasociados.com.mx\/wp-content\/uploads\/2016\/11\/33346855_1.jpg-169x300.jpg 169w\" sizes=\"(max-width: 320px) 100vw, 320px\" \/>\t\t\t\t\t\t\t\t\t\t\t\t\t<\/div>\n\t\t\t\t<\/div>\n\t\t\t\t\t<\/div>\n\t\t<\/div>\n\t\t\t\t<div class=\"elementor-column elementor-col-66 elementor-top-column elementor-element elementor-element-6a67659\" data-id=\"6a67659\" data-element_type=\"column\">\n\t\t\t<div class=\"elementor-widget-wrap elementor-element-populated\">\n\t\t\t\t\t\t<div class=\"elementor-element elementor-element-663903c elementor-widget elementor-widget-text-editor\" data-id=\"663903c\" data-element_type=\"widget\" data-widget_type=\"text-editor.default\">\n\t\t\t\t<div class=\"elementor-widget-container\">\n\t\t\t\t\t\t\t<h3>RG y Asociados<\/h3>\n<p>Nuestro objetivo principal de la firma es brindar a las empresas servicios jur\u00eddicos, asesor\u00eda y representaci\u00f3n legal de forma personal, pronta, eficaz y profesional, se pone a su disposici\u00f3n amplio conocimiento y experiencia en materia administrativa y fiscal. Nuestra filosofi\u0301a de servicio esta fundada en principios como la honradez, e\u0301tica y eficiencia con el prop\u00f3sito de proteger el continuo desarrollo de la actividad comercial de las personas fi\u0301sicas y morales.<\/p>\t\t\t\t\t\t<\/div>\n\t\t\t\t<\/div>\n\t\t\t\t\t<\/div>\n\t\t<\/div>\n\t\t\t\t\t<\/div>\n\t\t<\/section>\n\t\t\t\t<\/div>\n\t\t","protected":false},"excerpt":{"rendered":"<p>Nuestros Servicios Interposici\u00f3n y seguimiento de medios de defensa en el \u00e1mbito fiscal y administrativo a nivel local y federal&hellip;<\/p>\n","protected":false},"author":1,"featured_media":0,"parent":0,"menu_order":0,"comment_status":"closed","ping_status":"closed","template":"","meta":{"om_disable_all_campaigns":false,"_monsterinsights_skip_tracking":false,"_monsterinsights_sitenote_active":false,"_monsterinsights_sitenote_note":"","_monsterinsights_sitenote_category":0,"footnotes":""},"class_list":["post-156","page","type-page","status-publish","hentry"],"aioseo_notices":[],"_links":{"self":[{"href":"https:\/\/rgyasociados.com.mx\/index.php\/wp-json\/wp\/v2\/pages\/156","targetHints":{"allow":["GET"]}}],"collection":[{"href":"https:\/\/rgyasociados.com.mx\/index.php\/wp-json\/wp\/v2\/pages"}],"about":[{"href":"https:\/\/rgyasociados.com.mx\/index.php\/wp-json\/wp\/v2\/types\/page"}],"author":[{"embeddable":true,"href":"https:\/\/rgyasociados.com.mx\/index.php\/wp-json\/wp\/v2\/users\/1"}],"replies":[{"embeddable":true,"href":"https:\/\/rgyasociados.com.mx\/index.php\/wp-json\/wp\/v2\/comments?post=156"}],"version-history":[{"count":5,"href":"https:\/\/rgyasociados.com.mx\/index.php\/wp-json\/wp\/v2\/pages\/156\/revisions"}],"predecessor-version":[{"id":425,"href":"https:\/\/rgyasociados.com.mx\/index.php\/wp-json\/wp\/v2\/pages\/156\/revisions\/425"}],"wp:attachment":[{"href":"https:\/\/rgyasociados.com.mx\/index.php\/wp-json\/wp\/v2\/media?parent=156"}],"curies":[{"name":"wp","href":"https:\/\/api.w.org\/{rel}","templated":true}]}}